m**2 - m - 7. What is j(1)?
-18
Let h(t) = 6*t**2 + 16*t - 33. Calculate h(2).
23
Let q(j) = -24*j**2 - 274*j - 1076. What is q(-4)?
-364
Let f(x) = -x**3 + 571*x - 80. Give f(-24).
40
Let g(p) = p**3 + 27*p**2 - 1384*p + 70. What is g(26)?
-86
Let m(d) = -1700*d - 8442. What is m(-5)?
58
Let s(o) = -10*o**2 - 31*o - 13. Determine s(-2).
9
Let h(c) = -15*c**2 + 2*c - 16. Give h(5).
-381
Let b(t) = -5712*t + 28555. What is b(5)?
-5
Let i(t) = 45*t - 247. Determine i(2).
-157
Let q(g) = -9*g**2 - 86*g - 274. Determine q(-4).
-74
Let s(a) = -a**3 - 24*a**2 - 14*a + 111. Calculate s(-23).
-96
Let p(y) = 354*y + 20. Give p(0).
20
Let s(w) = -186*w + 10121. Give s(54).
77
Let r(f) = -f**2 - 868*f + 59644. Calculate r(64).
-4
Let y(w) = -w**2 + 28*w + 217. Give y(32).
89
Let f(j) = -260*j - 1374. Give f(-6).
186
Let z(q) = -21*q + 1254. Give z(59).
15
Let j(o) = -1326*o - 102103. Determine j(-77).
-1
Let x(k) = 5*k - 220. Give x(23).
-105
Let h(a) = -29*a + 35. Determine h(1).
6
Let n(v) = 329*v + 459. Give n(-2).
-199
Let k(p) = p**2 + 9*p + 89. Give k(-6).
71
Let l(a) = -26219*a - 131109. What is l(-5)?
-14
Let l(j) = j**3 + 97*j**2 - 9*j - 871. Give l(-97).
2
Let l(o) = -209*o**2 - 36*o - 35. Calculate l(-1).
-208
Let j(f) = f**2 + 113*f + 3143. Determine j(-49).
7
Let g(s) = 115*s - 1842. Calculate g(16).
-2
Let t(b) = -b**2 - 3*b + 25. Give t(4).
-3
Let a(p) = -213*p + 15. What is a(0)?
15
Let j(h) = 44*h - 629. Determine j(16).
75
Let n(h) = 13*h**2 + 114*h - 23. Give n(-9).
4
Let o(m) = -6*m**2 + 256*m + 188. What is o(43)?
102
Let w(l) = l**3 + 17*l**2 - 72*l - 1579. Determine w(-12).
5
Let o(p) = -3*p**3 + 40*p**2 - 15*p + 40. What is o(13)?
14
Let l(c) = -c**3 + 27*c**2 - 272*c + 3556. Calculate l(22).
-8
Let i(t) = t**2 + 26*t + 124. What is i(-17)?
-29
Let v(s) = -22*s**2 + 174*s - 32. Determine v(9).
-248
Let z(x) = -4*x**3 - 15*x**2 - 112*x - 3. What is z(-5)?
682
Let j(x) = -225*x + 1374. Give j(6).
24
Let c(h) = 38*h**2 + 9*h + 10. Calculate c(-2).
144
Let j(c) = 8*c + 115. Give j(-19).
-37
Let r(q) = -3*q**3 + 249*q**2 + 254*q - 156. Give r(84).
12
Let w(m) = -4*m**2 - 2*m - 50. Give w(-6).
-182
Let n(b) = -931*b + 4631. What is n(5)?
-24
Let u(v) = -13*v**3 + 7*v**2 + 41*v - 150. Give u(3).
-315
Let w(j) = j**3 + 179*j**2 - 175*j + 909. What is w(-180)?
9
Let n(y) = -y**3 + 12*y**2 - 23*y - 56. Give n(6).
22
Let w(a) = -48*a + 39. Give w(0).
39
Let m(o) = -2*o**3 - 7*o**2 + 21*o + 62. Give m(-3).
-10
Let s(z) = 14*z**2 + 638*z + 639. Give s(-1).
15
Let g(p) = -p**3 - 47*p**2 + 455*p + 827. Give g(-55).
2
Let i(m) = 13*m**3 - 251*m**2 + 74*m + 41. Determine i(19).
3
Let g(j) = 371*j - 2216. What is g(6)?
10
Let c(z) = -z**3 - 121*z**2 - 3553*z - 213. Give c(-71).
0
Let i(s) = 8*s**2 + 33*s - 8. Determine i(0).
-8
Let x(m) = 2*m**2 + 70*m - 992. What is x(10)?
-92
Let p(w) = -w**2 - 12*w + 186. Calculate p(-15).
141
Let a(r) = 2*r**3 + 39*r**2 + 5*r - 499. Give a(-18).
383
Let d(l) = -9*l**2 + 371*l - 2811. Calculate d(10).
-1
Let g(z) = -z**3 - 8*z**2 - 24*z - 18. What is g(-9)?
279
Let x(j) = -5*j**2 - 125*j + 72. Calculate x(-25).
72
Let a(v) = -v**3 + 15*v**2 - 49*v + 134. Calculate a(11).
79
Let v(s) = 3*s**3 - 198*s**2 + 13*s - 665. Give v(66).
193
Let f(s) = 2*s**2 - 4*s + 32. Determine f(4).
48
Let f(a) = -a**3 - 79*a**2 + 160*a - 151. Determine f(-81).
11
Let s(r) = -r**2 + 56*r + 13131. Give s(-90).
-9
Let l(s) = -60*s**3 - 14*s**2 + 27*s - 6. Give l(2).
-488
Let k(o) = -o**3 - 7*o**2 + 96*o + 19. Determine k(7).
5
Let h(x) = -40*x + 148. What is h(0)?
148
Let n(l) = 169*l + 7. Determine n(0).
7
Let w(u) = -642*u**3 + 2*u**2 + 19*u + 18. Calculate w(-1).
643
Let h(q) = 547*q + 12033. Calculate h(-22).
-1
Let n(m) = -151*m + 2227. Calculate n(15).
-38
Let p(n) = -n**2 + 22*n - 3. What is p(-8)?
-243
Let b(t) = -t**3 + 72*t**2 + 76*t - 322. Determine b(73).
-103
Let k(v) = -3*v**3 + 9*v**2 - 8*v + 25. What is k(3)?
1
Let d(c) = c**3 + 21*c**2 - 7*c + 10. Give d(-20).
550
Let q(i) = i**2 + 32*i - 3824. Give q(-80).
16
Let q(v) = v**2 + 23*v - 286. Determine q(12).
134
Let x(u) = -u**2 - 367*u - 31958. What is x(-225)?
-8
Let z(m) = m + 39. Determine z(-24).
15
Let d(o) = -o**2 - 43*o - 387. Determine d(-30).
3
Let u(b) = -15*b + 116. Calculate u(4).
56
Let n(f) = -10*f**2 - 160*f + 7. Determine n(-15).
157
Let j(l) = -l**3 + 21*l**2 - 9*l - 90. Calculate j(20).
130
Let x(s) = -90*s + 1690. Calculate x(19).
-20
Let k(v) = 129*v + 3658. What is k(-28)?
46
Let r(h) = 2*h**3 - 68*h**2 + 66*h - 5. Calculate r(33).
-5
Let i(a) = -a**3 - 133*a**2 - 1767*a + 277. Give i(-118).
-77
Let t(y) = -524*y**2 - 1568*y + 12. Give t(-3).
0
Let l(v) = -7*v - 185. What is l(9)?
-248
Let v(a) = a**2 + 40*a + 72. Determine v(-16).
-312
Let f(x) = 665*x + 5324. Calculate f(-8).
4
Let a(d) = -30*d**2 + 10*d - 2. What is a(3)?
-242
Let k(f) = -68*f + 1098. Determine k(14).
146
Let y(m) = -2*m**2 - 171*m + 962. Determine y(6).
-136
Let n(b) = -55*b**2 - 18*b + 25. Give n(1).
-48
Let l(o) = 1173*o + 2155. Give l(-2).
-191
Let z(m) = -6*m**2 - 88*m - 245. Calculate z(-11).
-3
Let y(p) = -23*p**2 - 464*p - 2256. Determine y(-12).
0
Let u(j) = j**3 + 4*j**2 + 21*j + 70. Determine u(-4).
-14
Let u(r) = -3*r**3 - 14*r**2 - 23*r + 1. Calculate u(-6).
283
Let i(m) = m**3 + 8*m**2 - 242*m - 1294. Give i(-5).
-9
Let s(j) = 3*j**3 - 5*j**2 - 34*j + 18. Determine s(-6).
-606
Let w(o) = 4*o**2 - 341*o + 425. What is w(84)?
5
Let u(l) = l**3 - 13*l**2 - 18*l + 136. Give u(14).
80
Let g(z) = 15*z - 226. Give g(14).
-16
Let p(v) = -17*v - 81. What is p(6)?
-183
Let g(c) = 10*c**3 + 47*c**2 + 26*c - 2. What is g(-4)?
6
Let u(x) = 240*x + 1714. What is u(-8)?
-206
Let h(f) = f**3 - 52*f**2 - 246*f + 1191. Determine h(56).
-41
Let g(u) = -2*u**3 - 48*u**2 + 227*u + 89. What is g(-28)?
5
Let w(f) = 188*f + 930. What is w(-5)?
-10
Let x(d) = 3931*d - 15733. Calculate x(4).
-9
Let w(k) = -k**2 + 34*k - 363. What is w(15)?
-78
Let o(u) = u**2 - 69*u + 1178. Calculate o(27).
44
Let g(r) = 54*r + 11942. Determine g(-221).
8
Let k(b) = 232*b - 6278. Determine k(27).
-14
Let r(h) = -13*h - 63. Calculate r(5).
-128
Let t(f) = 49*f**3 + 14*f**2 - 26*f - 2. Calculate t(2).
394
Let a(j) = -105*j**2 - 15330*j + 4. Give a(-146).
4
Let p(r) = 1392*r + 2792. Determine p(-2).
8
Let p(a) = 279*a - 2011. Calculate p(7).
-58
Let h(d) = -17*d**2 - 50*d - 4. Determine h(-4).
-76
Let m(s) = s**3 + 9*s**2 - 22*s - 154. What is m(-9)?
44
Let k(u) = 6*u**2 - 50*u + 674. Calculate k(13).
1038
Let p(k) = k**2 + 89*k + 857. Determine p(-12).
-67
Let k(q) = 7*q**2 - 272*q - 837. Give k(-3).
42
Let y(x) = 37*x + 68. Determine y(-4).
-80
Let d(k) = -k**2 + 61*k + 780. What is d(-11)?
-12
Let y(g) = -303*g - 1508. What is y(-5)?
7
Let j(d) = -22*d + 210. Calculate j(12).
-54
Let q(f) = 81*f + 788. What is q(-10)?
-22
Let b(t) = -499*t + 503. Calculate b(1).
4
Let p(n) = 200*n + 1281. Determine p(-5).
281
Let v(b) = -20*b - 455. Calculate v(-23).
5
Let s(o) = -o**2 + 7*o - 2. What is s(0)?
-2
Let f(b) = b**3 + 6*b**2 - 1006*b - 263. Calculate f(29).
-2
Let f(c) = 49*c + 1515. Determine f(-31).
-4
Let v(h) = h**2 + 605*h + 3021. Give v(-5).
21
Let w(u) = -4936*u + 64169. Calculate w(13).
1
Let g(c) = -6*c**3 + 63*c**2 + 2*c - 27. Calculate g(10).
293
Let r(f) = 2*f**3 + 76*f**2 + 150*f + 70. Determine r(-36).
-146
Let h(t) = 9*t - 65. What is h(8)?
7
Let i(f) = -3*f**2 - 36*f - 107. Determine i(-4).
-11
Let q(t) = -t**2 - 340*t - 1342. Determine q(-4).
2
Let l(b) = -163*b + 4710. What is l(29)?
-17
Let s(u) = 3*u**2 - 34*u + 27. Give s(11).
16
Let z(u) = 18*u**2 + 36*u + 60. Calculate z(-2).
60
Let z(n) = -2*n**3 - 64*n**2 - 70*n - 248. Give z(-31).
0
Let h(n) = -n**3 - 3*n**2 - 1. Give h(-6).
107
Let v(i) = 3*i**2 - 752*i + 11267. Calculate v(16).
3
Let w(h) = -9*h**2 + h + 9. Determine w(7).
-425
Let t(x) = 2*x**2 - 20*x + 17. Give t(14).
129
Let h(l) = 177*l**2 - 4421*l - 119. What is h(25)?
-19
Let x(i) = i**3 + 3*i**2 - 5*i - 62. What is x(-11)?
-975
Let h(m) = m**2 - 344*m - 7400. Calculate h(-20).
-120
Let n(g) = 161*g + 1789. Give n(-11).
18
Let c(x) = 343*x - 574. Determine c(3).
455
Let n(s) = s**2 - 21*s - 1203. Determine n(-26).
19
Let z(s) = 2*s**2 + 389*s - 2828. Determine z(7).
-7
Let o